at is the tens digit of 134012410?
1
What is the tens digit of 51862785?
8
What is the hundred thousands digit of 84366761?
3
What is the units digit of 32026521?
1
What is the hundreds digit of 46276924?
9
What is the hundred thousands digit of 1697029097?
0
What is the billions digit of 2380133880?
2
What is the millions digit of 99269109?
9
What is the hundred millions digit of 251480687?
2
What is the tens digit of 12808533?
3
What is the hundreds digit of 78157096?
0
What is the ten millions digit of 371409991?
7
What is the millions digit of 45359307?
5
What is the hundreds digit of 23868858?
8
What is the thousands digit of 8507932?
7
What is the ten thousands digit of 8724934?
2
What is the hundred millions digit of 2102370008?
1
What is the ten thousands digit of 15208892?
0
What is the millions digit of 66960717?
6
What is the units digit of 551930276?
6
What is the ten thousands digit of 480565807?
6
What is the millions digit of 16896630?
6
What is the ten thousands digit of 1056757050?
5
What is the ten thousands digit of 231150656?
5
What is the millions digit of 137209975?
7
What is the units digit of 6400967?
7
What is the units digit of 118758673?
3
What is the thousands digit of 239922116?
2
What is the billions digit of 2678489134?
2
What is the millions digit of 424265891?
4
What is the millions digit of 111583305?
1
What is the hundred thousands digit of 524642640?
6
What is the units digit of 67460104?
4
What is the ten millions digit of 382458888?
8
What is the units digit of 17917583?
3
What is the thousands digit of 261378464?
8
What is the hundred thousands digit of 82259604?
2
What is the billions digit of 1069581170?
1
What is the units digit of 558302445?
5
What is the hundred millions digit of 4252720609?
2
What is the hundreds digit of 517555159?
1
What is the tens digit of 968559056?
5
What is the thousands digit of 551420886?
0
What is the millions digit of 235970731?
5
What is the thousands digit of 4797863180?
3
What is the units digit of 41213654?
4
What is the thousands digit of 101970402?
0
What is the millions digit of 234718547?
4
What is the millions digit of 6803525867?
3
What is the ten thousands digit of 105799725?
9
What is the ten thousands digit of 24267069?
6
What is the tens digit of 46134028?
2
What is the hundreds digit of 1159929998?
9
What is the hundred millions digit of 493138095?
4
What is the thousands digit of 324313114?
3
What is the thousands digit of 62956764?
6
What is the hundred millions digit of 1935846267?
9
What is the tens digit of 114501036?
3
What is the tens digit of 27472705?
0
What is the tens digit of 759614349?
4
What is the units digit of 54923448?
8
What is the millions digit of 25610308?
5
What is the units digit of 67300376?
6
What is the ten millions digit of 69528682?
6
What is the hundred thousands digit of 1770505560?
5
What is the millions digit of 1196659052?
6
What is the ten millions digit of 161484712?
6
What is the millions digit of 354700576?
4
What is the millions digit of 124415705?
4
What is the thousands digit of 132081779?
1
What is the hundred millions digit of 2536033208?
5
What is the billions digit of 4553695306?
4
What is the ten millions digit of 6873345376?
7
What is the units digit of 74471169?
9
What is the hundreds digit of 187409026?
0
What is the thousands digit of 404932167?
2
What is the millions digit of 151807177?
1
What is the hundred millions digit of 167669937?
1
What is the thousands digit of 27394549?
4
What is the ten millions digit of 133585093?
3
What is the hundred thousands digit of 42176925?
1
What is the hundred thousands digit of 13846861?
8
What is the ten thousands digit of 514722519?
2
What is the hundred thousands digit of 152906684?
9
What is the ten thousands digit of 38494065?
9
What is the thousands digit of 504041829?
1
What is the ten thousands digit of 6223079537?
7
What is the units digit of 37299461?
1
What is the ten thousands digit of 177656600?
5
What is the hundred thousands digit of 4736192513?
1
What is the millions digit of 207524129?
7
What is the hundreds digit of 73718480?
4
What is the tens digit of 75113208?
0
What is the hundred thousands digit of 9995751?
9
What is the hundreds digit of 10595961?
9
What is the hundred thousands digit of 79124963?
1
What is the tens digit of 76749673?
7
What is the millions digit of 27406682?
7
What is the hundred thousands digit of 165779795?
7
What is the ten millions digit of 224554167?
2
What is the thousands digit of 622243008?
3
What is the ten millions digit of 868759295?
6
What is the hundred thousands digit of 681205062?
2
What is the hundred thousands digit of 1087507154?
5
What is the ten millions digit of 5721009756?
2
What is the millions digit of 41051498?
1
What is the hundreds digit of 1105107711?
7
What is the ten thousands digit of 1061578779?
7
What is the units digit of 607495325?
5
What is the thousands digit of 2090900684?
0
What is the hundred thousands digit of 832543861?
5
What is the tens digit of 5170128079?
7
What is the millions digit of 297815529?
7
What is the ten millions digit of 16431024?
1
What is the hundred millions digit of 100003301?
1
What is the thousands digit of 576139324?
9
What is the thousands digit of 15395717?
5
What is the units digit of 476082087?
7
What is the hundred thousands digit of 244282470?
2
What is the hundred millions digit of 2338099496?
3
What is the hundreds digit of 523220465?
4
What is the tens digit of 335080931?
3
What is the ten thousands digit of 34049993?
4
What is the millions digit of 56333714?
6
What is the units digit of 53472576?
6
What is the units digit of 1738936986?
6
What is the hundred thousands digit of 174478558?
4
What is the hundred thousands digit of 2258537917?
5
What is the millions digit of 366962140?
6
What is the millions digit of 40978032?
0
What is the units digit of 870859996?
6
What is the units digit of 50057091?
1
What is the ten millions digit of 756163513?
5
What is the hundred thousands digit of 861222454?
2
What is the hundred thousands digit of 319014099?
0
What is the hundreds digit of 1939715525?
5
What is the thousands digit of 9395711?
5
What is the hundred thousands digit of 6182402654?
4
What is the units digit of 36491615?
5
What is the hundreds digit of 17368256?
2
What is the thousands digit of 888387447?
7
What is the hundreds digit of 1071346849?
8
What is the ten thousands digit of 2318276510?
7
What is the ten thousands digit of 28521106?
2
What is the thousands digit of 5625299191?
9
What is the units digit of 10135325?
5
What is the thousands digit of 328280784?
0
What is the hundreds digit of 180210086?
0
What is the hundreds digit of 24908227?
2
What is the millions digit of 682192522?
2
What is the hundreds digit of 1329417965?
9
What is the tens digit of 111029504?
0
What is the hundreds digit of 3226778651?
6
What is the tens digit of 1283745909?
0
What is the millions digit of 2900907043?
0
What is the ten millions digit of 35419703?
3
What is the units digit of 36340658?
8
What is the hundred thousands digit of 4224950005?
9
What is the millions digit of 2463891707?
3
What is the units digit of 1073343435?
5
What is the tens digit of 50804156?
5
What is the tens digit of 303904782?
8
What is the ten thousands digit of 129462388?
6
What is the hundred thousands digit of 3742124773?
1
What is the ten thousands digit of 3000010366?
1
What is the millions digit of 25215356?
5
What is the thousands digit of 99949511?
9
What is the hundreds digit of 1505522643?
6
What is the millions digit of 32360345?
2
What is the hundred thousands digit of 2488405877?
4
What is the units digit of 3301726693?
3
What is the ten thousands digit of 47720046?
2
What is the millions digit of 273105962?
3
What is the hundred thousands digit of 45259072?
2
What is the ten millions digit of 1524950705?
2
What is the hundred thousands digit of 1924091413?
0
What is the millions digit of 415841155?
5
What is the ten thousands digit of 753297980?
9
What is the hundreds digit of 649400758?
7
What is the hundred thousands digit of 176359068?
3
What is the ten millions digit of 1428297546?
2
What is the billions digit of 2379829538?
2
What is the units digit of 21227435